uppose k*d + d = 18. Suppose 0 = 3*i - 2*b - 100, -d*i + 2*b = -3*b - 106. Calculate the highest common divisor of i and 16.
16
Suppose -67 = 3*c - 94. Suppose 211 = c*u - 59. What is the greatest common divisor of u and 40?
10
Suppose 4*h - 229 = k + 391, 0 = -14*k + 19*k. Calculate the greatest common factor of 589 and h.
31
Let g be -1 - (-96)/(-1 + 3). Let a(x) = -6*x**2 + 4*x - 44*x**3 - 2 + 3 + g*x**3. Let i be a(1). Calculate the highest common divisor of 11 and i.
1
Let d be 708/18 + (-2)/(-3). Let l(r) = 8*r + 111. Let p be l(-13). Suppose 0 = -5*j + p + 13, -2*f = -5*j + 4. What is the greatest common factor of d and f?
8
Let a be 38/(-3)*(32436/24)/(-17). Let p = a + -522. Calculate the highest common factor of p and 5.
5
Suppose -5*b = 10, -49 = -w - b - 17. Suppose -3*l = j + 96, -5*j - l + 5*l = 518. Let s be (-192)/18*j/4. What is the highest common factor of w and s?
34
Let y = 49 + -44. Let d(z) = 2*z**2 - 16*z + 46. Let g be d(y). Calculate the highest common divisor of g and 8.
8
Let p be ((-6)/4)/((-2)/36). Let j = -9732 + 9903. Calculate the highest common divisor of j and p.
9
Let h be 10/(-3) + (-36)/54. Let z = 1 - h. Suppose j - 21 = 24. What is the highest common divisor of j and z?
5
Let c be (22/8)/(-1)*-4. Let f be (-15)/(-50) + 441/(-70). Let s(d) = -17*d + 74. Let w be s(f). What is the greatest common factor of w and c?
11
Let z(y) = -y + 14. Let s be z(-10). Suppose 2*h - 6 = 0, -3*k + 300 = -2*h + 18. Calculate the highest common factor of s and k.
24
Suppose 0 = -9*n + 14*n - 2*m - 73, -46 = -3*n - m. Calculate the greatest common divisor of n and 280.
5
Let p be 46/((2 - 4) + 1) - 2. Let z be p/28*7*-3. Calculate the greatest common factor of z and 72.
36
Suppose -2*l = 19 - 13, -4*l + 108492 = 4*i. What is the highest common divisor of 198 and i?
198
Suppose -3*n - 19 = 2*m - 85, -3*m = -4*n - 99. Suppose 42 = 2*a + 5*a. Let k be (a - 15)/(-3) + 0. What is the greatest common factor of k and m?
3
Let d(f) = -14*f**3 - 2*f**2 - 2*f - 1. Let m be d(-1). Suppose 1598 - 7006 = -32*n. What is the highest common divisor of n and m?
13
Let s = -134 - -153. Suppose 0 = 6*w - s - 41. Calculate the greatest common divisor of 110 and w.
10
Suppose 0 = 9*p - 4278 - 825. Calculate the highest common factor of 14 and p.
7
Suppose 261 = 2*p + 3*w, 283*p + w - 395 = 280*p. Calculate the greatest common factor of 420 and p.
12
Let p(x) = -176*x - 2086. Let f be p(-12). Suppose 5*w = 5 + 15. Let n be (-1)/w + 105/4. Calculate the greatest common factor of f and n.
26
Let x(u) = 34 - 33 + 62 + 72 - 2*u - 36. Let g be x(33). Suppose 89 = 2*i + 2*c - 3*c, 134 = 3*i - 2*c. Calculate the highest common factor of i and g.
11
Let i = -4679 - -9325. Calculate the highest common factor of 606 and i.
202
Suppose 3*o - 58 = 62. Suppose 40*m - 3971 + 791 = -13*m. Calculate the greatest common factor of o and m.
20
Let h be (0 + -2)*(1 - 612/8). What is the highest common divisor of h and 19781?
151
Let d = 2489 + -1930. What is the highest common divisor of 1763 and d?
43
Let s be 3/(-5 - (270/(-96) + -2)). Let k be -23*(s + 12 + -4). Calculate the greatest common divisor of k and 115.
23
Let h = 2823 - 2571. What is the highest common factor of h and 972?
36
Let k(d) = -2*d**3 - 42*d**2 + 21*d - 32. Let p be k(-22). What is the greatest common divisor of 198 and p?
6
Let c = 13289 - -12734. What is the greatest common factor of 53 and c?
53
Let x = -9755 + 18467. What is the greatest common factor of x and 88?
88
Let w(d) = 3*d - 33. Let z be w(12). Let k be 20 + -3*(z/3 + 0). Calculate the greatest common factor of k and 459.
17
Suppose 0 = 5*n - 103 + 23. Let k(l) = 2*l**3 - l**2 + l. Let m be k(1). Suppose x + 52 = 4*g - m*x, -3*x = -12. What is the highest common divisor of n and g?
16
Suppose -684 = -2*t - 4*p, -3*t - 48*p = -43*p - 1027. Calculate the highest common factor of t and 301.
43
Let w = -24115 + 24633. Calculate the highest common divisor of 1260 and w.
14
Let h = -25205 + 43989. Calculate the highest common factor of h and 32.
32
Let p be -3 + (-6 - (5 + -17)). Let r(a) = 5*a**2 - 6*a + 3. Let s be r(p). Suppose -c + 120 = 2*c. Calculate the greatest common factor of s and c.
10
Let v be -13 - 15*(-3)/(-9). Let m be ((-9)/v*-6)/((-1)/6). What is the highest common divisor of 12 and m?
6
Suppose -5*g + 2*x = -18273, -3*g - 5*x + 10968 = -2*x. What is the greatest common factor of 85 and g?
85
Let a be ((-1)/2)/((-4)/208). Let n = a - 24. Suppose 2*v - 5*j = 25, -3*v = -0*v + 5*j - 25. What is the highest common factor of n and v?
2
Suppose 7476 - 3919 = -29*v + 56134. What is the greatest common divisor of v and 296?
37
Let u(x) = -x**3 - 17*x**2 + 495*x - 27. Let r be u(-35). What is the greatest common factor of 81 and r?
81
Let y(k) = 11*k**2 - 54*k - 3. Let c be y(5). Let f be -8 + 7 + c + 1079. Calculate the highest common factor of f and 12.
12
Let g be 1 + 2 - 2*(-1304)/16. Suppose -39*o + g = -68. What is the highest common divisor of 150 and o?
6
Let t be (-82)/(-41) - (1 - 5). Let g be t*(3 + (-232)/(-16)). Calculate the highest common factor of g and 120.
15
Let z be ((-13)/((-26)/11))/(1/8). Let i be z/8 + (-15)/30. Calculate the greatest common factor of i and 260.
5
Suppose -36762 + 41298 = 27*n. What is the greatest common divisor of n and 98?
14
Suppose -60*c + 118*c - 3823 = 6443. What is the greatest common factor of c and 944?
59
Let z(y) = -y**2 + 10*y + 15. Let f(h) = 2*h - 28. Let s be f(18). Let l be z(s). Let n = -46 - -77. What is the greatest common divisor of n and l?
31
Let b = 17242 - 14983. What is the greatest common divisor of b and 1004?
251
Suppose 3*g = a - 1502, g = -3*a + 3072 + 1414. Calculate the greatest common divisor of 3672 and a.
136
Let q = 554 - 319. Suppose -6*s = -s - 2*g - 2, -4*s - g = -12. Suppose w - 282 = -s*w. What is the greatest common factor of w and q?
47
Let u(n) = 2*n**3 + 47*n**2 - 27*n - 57. Let c be u(-24). Suppose -1794 = -c*y + 1566. Calculate the greatest common factor of y and 14.
14
Let d be (58565/(-16))/(-5) + 16/(-256). What is the highest common factor of 24 and d?
12
Let n = 1 + 308. Let q = n + -293. Calculate the greatest common factor of 44 and q.
4
Let a(b) = 2*b**2 + 54*b - 16. Let x be a(-17). Let s = x + 364. Calculate the greatest common factor of s and 16.
8
Suppose -285*r + 338*r - 10017 = 0. Calculate the greatest common factor of 14 and r.
7
Let q be (6 + 2 + (-14355)/58)/(2/(-96)). Calculate the greatest common divisor of q and 24.
24
Let w be 49 - (3 - -4 - -3)/(-2). Calculate the highest common factor of 7263 and w.
27
Let c(g) = -g**3 + 9*g**2 - g + 10. Let x be -27*(8/(-12))/2. Let p be c(x). Let u = 598 - 590. What is the highest common divisor of u and p?
1
Suppose 39*v + 95 - 446 = 0. Suppose 35*u - 780 = v*u. Let n be (4 - 2)*75/2. What is the greatest common factor of n and u?
15
Let n be 12*1 + 7 + -14. Suppose n*o = -5*u + 20, 6*u + 26 = 4*o + 5*u. Let w = 14 - 4. Calculate the highest common factor of w and o.
2
Suppose -865 = -91*d + 409. Calculate the greatest common divisor of 326 and d.
2
Suppose -12*f = u - 17*f - 17, -4*f - 10 = u. Suppose -2*k - 1 = 3, -5*w - 4*k - 3 = 0. Let z be 4/4 + (10 - w). Calculate the highest common factor of u and z.
2
Suppose -50*k = -5*u - 48*k + 67, 3*k + 42 = 3*u. What is the greatest common divisor of u and 10517?
13
Suppose 32 = 4*r + 8. Let v(f) = f**2 - 2*f + 5. Let t be v(4). Suppose -7*g = -t*g + 90. What is the greatest common divisor of r and g?
3
Let n(j) = -8*j - 27. Let w be n(-4). Suppose 4*r - w*l = -0*r - 16, r - 9 = -2*l. Suppose 2*d = 3 + 3. Calculate the highest common divisor of r and d.
1
Let n(i) = 55*i + 34. Let t be n(-12). Let x = t + 1148. Calculate the greatest common factor of x and 18.
18
Suppose -8*d - 42*d + 1740 = 8*d. What is the highest common divisor of 6405 and d?
15
Let u be ((-244)/(-8))/((-1)/(-10)). Suppose -165 = -5*x + u. Suppose x = 2*o - 2. Calculate the highest common factor of o and 16.
16
Let m = -70 - -72. Let a(d) = 33 - 47 - 24 - 5*d. Let v be a(-8). What is the highest common divisor of v and m?
2
Let a = 4968 - 4696. Let w(h) = -33*h + 2. Let p be w(-2). What is the greatest common divisor of a and p?
68
Suppose -23*q + 1520 + 757 